10) composite?
True
Suppose -2*z + u = 6*u - 126, 0 = -2*z - 3*u + 122. Suppose 0 = -4*y + z - 34. Is y/(-4 + 1) - -889 composite?
False
Suppose y = -5*b + 12, -3*b + 3*y = -0*b. Suppose -7*r - b*c + 986 = -5*r, -2*r + 980 = -c. Is r a prime number?
True
Is 4 - 1 - ((-655977)/56 - (-1)/(-8)) composite?
False
Let t(q) = q**3 - 8*q**2 + 2*q - 12. Let y be t(8). Suppose v + 4115 = -4*k, y*v - 2*k - k = -16460. Is v*((-24)/(-15))/(-4) composite?
True
Let y = -1371 + 650. Let l = y - -3224. Is l a composite number?
False
Let z be 16/(-20)*((-12)/2 + 1). Suppose z*y - 3 = -3*k, 4*k - 2*y + 15 = k. Is (1 + 0)/(((-9)/447)/k) a prime number?
True
Let l be ((-132)/8 - 3)*(0 - -2). Let o be (-4)/(-3) - 10751/l. Suppose 2683 = 6*t + o. Is t a composite number?
False
Suppose -3*u + 228402 = 57585. Is u a composite number?
True
Let p(k) = k**2 - k - 2. Let z be p(-2). Suppose -6 = 2*w - 6*n + 2*n, 0 = -z*w - 4*n + 36. Suppose -w*m + 6*m = 379. Is m prime?
True
Is (333 + 85674)/((-6)/(-14)) prime?
False
Let t = 2047 + -3662. Let m be (-2 - t) + -16 + 18. Suppose 7*f - 12*f = -m. Is f a prime number?
False
Is (4/4 - -3) + (-415648521)/(-153) composite?
False
Let m = -71 - -67. Let b be (-6)/m*(-7228)/(-39). Let t = -39 + b. Is t a prime number?
True
Suppose 0 = o + 5*o - 42. Suppose -j - 13 = 5*w, 6 = w - 5*j - o. Is (-2)/(2 - (w + 3)) + 703 prime?
True
Let q(f) = -57926*f**3 + 3*f**2 + f - 25. Is q(-3) a prime number?
True
Let m = 1928334 + -764347. Is m a composite number?
True
Suppose -w = -0*w - 5*h + 10, -5 = w - 4*h. Suppose w = -5*c + 10*c. Suppose -m - 891 = -c*j + j, -2*j = -5*m - 879. Is j a composite number?
True
Suppose 12287405 = 98*y - 33*y. Is y prime?
False
Let i(z) = 154*z**2 + 16*z - 61. Let y(w) = w**2 - 14*w + 38. Let h be y(7). Is i(h) prime?
True
Let u = 40685 - 11314. Is u a prime number?
False
Suppose -1979*t + 1974*t = -524245. Is t composite?
False
Let w = 957 - -2278. Is w a prime number?
False
Let o(b) = 4527*b - 12. Let q be o(1). Suppose 13725 = 6*h + q. Is h composite?
True
Let q(p) = -540*p**3 - p**2 - 39*p - 159. Is q(-5) composite?
False
Suppose -4*y = 28, -5*g + 2471598 + 5181720 = y. Is g prime?
False
Suppose -5*u + 2*m = -2*u - 15, -2*u - 3*m = -10. Suppose -5*s - 26750 = -u*q, s + 10943 = 4*q - 10460. Is q a composite number?
False
Let c be (-2 - (-5 - (-4 - -8))) + -3. Is 2/c*(80424/(-6))/(-6) composite?
False
Let i = 1236 + -798. Suppose 0 = -2*s + 314 + i. Let z = s - -706. Is z prime?
False
Let d = -13 + 16. Suppose -h + 5*n = d, -4*h - 4*n + 63 = n. Is 23442/9*h/8 a prime number?
True
Suppose 0 = -236*u + 131860930 + 115801482. Is u a composite number?
True
Let k = -3631 - -8235. Let f = -1707 + k. Is f a composite number?
False
Let g = 6453 - 3411. Suppose 0 = 7*r - 619 - g. Is r prime?
True
Let d(f) = 120*f**3 - 49*f**2 + 43*f - 251. Is d(12) prime?
True
Let a = -9748 + 13649. Let j = a + -408. Is j a prime number?
False
Is (28 - 28) + (-933068)/(-10) + 1/5 composite?
False
Suppose -328*b + 323*b = -3*w - 1339661, w + 535866 = 2*b. Is b composite?
True
Let d = -222 + 226. Suppose 4*n + 28*h - 23*h = 12309, -d*n - h + 12289 = 0. Is n prime?
False
Suppose -67*u = -64*u - 1962. Suppose w + 2*j = 7*j + u, -10 = -2*j. Is w prime?
False
Let d(n) = n**2 + 5*n + 87. Is d(-52) prime?
True
Let w = 510 - 475. Suppose -2*n - b + 9671 = 0, -w*n + 38*n = -5*b + 14496. Is n a composite number?
True
Let r be 236 - (-3)/(12/8). Let y = r - 155. Is y a composite number?
False
Suppose 78*r - 81560 = 74*r. Suppose -5*p + 3*g + r = -19112, 3*p - 23704 = -g. Is p composite?
False
Let z be 6/5 - 308/(-385). Suppose 0 = -5*k + z*k + 76317. Is k a composite number?
False
Suppose 1 = 14*r + 43. Let y(n) = -10287*n + 148. Is y(r) composite?
True
Suppose -15*d + 17*d - 8 = 0. Is 1846 + -1 + d + -6 composite?
True
Let o(b) be the first derivative of -b**4/2 + b**3/3 + 3*b**2/2 - 11*b + 2. Let p be o(-4). Suppose 3*w = 2*x + p, 116 = 3*w - 0*x - x. Is w a prime number?
True
Suppose 36*p + 130*p - 4704938 = 0. Is p composite?
True
Suppose o = -0*o - 4. Let g be (1 - -5) + o + 280. Let i = -159 + g. Is i a composite number?
True
Suppose -2*n = -d + 62049, -82*n = -5*d - 87*n + 310170. Is d prime?
True
Is (14/49)/(6/434553) a prime number?
True
Let g = 660 - 651. Is g/6*5458/1 a prime number?
False
Let l be ((-130)/20 - -6) + 14090/4. Suppose 3*m + 5*n - 7008 = -m, 0 = -2*m + 2*n + l. Is m a composite number?
True
Suppose 66*h - 4980 - 2537 = 1195. Let r(n) = 55*n**3 + 4*n**2 + n + 5. Let z be r(4). Suppose h + z = 5*t. Is t a composite number?
True
Suppose -3*a - 5*z + 515 = 0, -3*z = -0*a - 5*a + 881. Suppose -v - a = -8*v. Is v a composite number?
True
Suppose -3*p = 3*b - 33, -3*p + 20 = 5*b - 5. Suppose -p*m + 54342 = 3*m. Is m a prime number?
True
Let r = -13568 - -846. Is ((-627)/55 - -12) + r/(-5) composite?
True
Suppose -3*n - 16 = -7*n - 4*r, -5*r = -10. Suppose 0 = -5*l + n*l + 2*d + 42847, 0 = 5*l + 3*d - 71399. Is l prime?
True
Suppose -5*q + 15*q - 4230 = 0. Suppose q*j - 430*j + 294665 = 0. Is j a composite number?
True
Let y(v) = -v**2 + 139*v + 7. Is y(39) a prime number?
True
Suppose -m + 2*n = -2*m - 10, n + 5 = -3*m. Let r be (1 + 0)/((-43)/182879)*(-5 + 7). Is (r/2 + 4)*(-1 - m) prime?
False
Suppose -5*h + 4*b = 3*b - 115913, 5*h - 115923 = -4*b. Is h a composite number?
True
Let d be (1/1 + 2)*(-2)/6. Let k be (-3 + 6 - 3)/d. Suppose 0 = -4*z + m + 306, k = 9*z - 4*z - 5*m - 375. Is z a prime number?
False
Suppose -378375 = -197*l + 2613070. Is l prime?
False
Let q(h) = -13*h + 20. Let p(r) = -7*r + 25. Let j be p(5). Let m be q(j). Suppose 167 = d - m. Is d a prime number?
True
Suppose -c + 4*i - 981 = -0*i, -3*c = 3*i + 2913. Let y = c - -2052. Is y composite?
True
Let a(d) = 69*d**2 - d + 11. Let m(k) = -35*k**2 - 5. Let h(q) = 3*a(q) + 5*m(q). Let i = 353 - 342. Is h(i) composite?
False
Is 1 - (-23)/((-322)/(-1312892)) a composite number?
True
Is 0 + 8/(-60) + 467792/240 composite?
False
Suppose -3*p + i = 6603, 4*p - 4*i = -9*i - 8823. Let w = p - -3998. Suppose 0 = 148*n - 152*n + w. Is n composite?
False
Suppose 3*d + g = -4*g + 54, 2*g = 0. Suppose 0 = -d*v + 22*v - 24. Is -9*(-1576)/16*4/v composite?
True
Suppose -2*t + 4*l = -8, l = -l - 4. Suppose t = 3*m - 7*m, -2*m - 596 = -o. Suppose -b = -5*k - o, -3*b + 4*k = -2*b - 595. Is b composite?
True
Suppose 519*q - 524*q + 2064291 = 2*s, 3*q = 3*s + 1238583. Is q prime?
True
Suppose -4*z + w + 22 = -2*z, -z - 4*w = -20. Suppose 0 = -2*b - 2*b - z, b = 5*m + 13372. Let q = 4056 + m. Is q prime?
True
Let c(x) = 560*x**2 + x + 498. Is c(23) composite?
True
Let d(r) = 2*r + 15. Let z be d(15). Is 9/(z/(-20)) + 1641 + 0 a prime number?
True
Let h = 62 - 49. Suppose h = -4*l + 1. Let u(r) = 42*r**2 - 3*r - 8. Is u(l) a prime number?
True
Suppose 11*b + 377 - 771444 = 0. Is b prime?
False
Let k(r) = -r + 8. Let l be k(-18). Suppose -z + l = 23. Suppose 5*n - 8656 = -z*n. Is n a composite number?
True
Let t(w) = -2 - 11 + 98*w**2 - 7*w + 13*w**2 + 3*w**2. Is t(4) composite?
False
Let t(y) = y**3 + 2*y**2 + y + 303. Suppose 0 = 2*x + 8 + 8. Let f(o) = o**3 + 7*o**2 - 7*o + 8. Let p be f(x). Is t(p) composite?
True
Let p = 76 + -67. Let r be (3*(-2)/(-6))/((-2)/(-1588)). Is (r/(-3))/((-6)/p) composite?
False
Suppose -4*b - 18 = -12*s + 7*s, 3*b = -5*s + 39. Suppose 21320 = -3*d - 16210. Is (48/(-52))/s + d/(-26) composite?
True
Let f = -16568 + 6353. Let t = 4763 - f. Is t a composite number?
True
Suppose -5*r + 16*v + 15 = 15*v, 3*r - 9 = -v. Suppose 5*x = 3*o + 150650, 0 = -x + r*o - 10115 + 40233. Is x a composite number?
False
Suppose -3 = 2*q - 35. Suppose -20*u = -q*u - 8716. Is u a composite number?
False
Suppose 0 = 50*c + 228201 - 1673651. Let n = c - 14696. Is n prime?
False
Suppose -10*z + 4421943 = 411653. Is z a prime number?
True
Let d(u) = -11*u**3 - 76*u**2 + 32*u - 84. Is d(-25) prime?
True
Let r(l) = 23*l**2 - 27*l - 89. Let i be r(25). Suppose -5*w + i = -14704. Is w composite?
True
Let w(k) = 87*k**3 - 4*k**2 - 15*k + 26. Let h be w(9). Suppose 9*m = -m + h. Is m a composite number?
False
Let z(t) be the third derivative of 1/20*t**5 + 23*t**2 + 7/6*t**4 + 0 + 0*t + 7/6*t**3. Is z(10) composite?
False
Suppose -3*n = -8 - 7. Suppose 41 = -3*r - q + 1997,